f 17702667?
6
What is the ten thousands digit of 281318?
8
What is the hundreds digit of 727443?
4
What is the units digit of 1292582?
2
What is the hundreds digit of 428861?
8
What is the millions digit of 4810640?
4
What is the thousands digit of 69006?
9
What is the ten thousands digit of 1682713?
8
What is the ten thousands digit of 2696093?
9
What is the tens digit of 429133?
3
What is the thousands digit of 2925879?
5
What is the hundreds digit of 3997908?
9
What is the millions digit of 2045818?
2
What is the tens digit of 645884?
8
What is the hundreds digit of 190109?
1
What is the ten thousands digit of 132890?
3
What is the units digit of 28452?
2
What is the tens digit of 4993408?
0
What is the units digit of 10654?
4
What is the tens digit of 119023?
2
What is the millions digit of 1385554?
1
What is the tens digit of 188907?
0
What is the thousands digit of 7809134?
9
What is the hundred thousands digit of 19290055?
2
What is the hundred thousands digit of 6203160?
2
What is the ten thousands digit of 156740?
5
What is the units digit of 146275?
5
What is the units digit of 1479556?
6
What is the hundreds digit of 4244062?
0
What is the hundreds digit of 745956?
9
What is the hundred thousands digit of 494943?
4
What is the ten thousands digit of 8266124?
6
What is the thousands digit of 334473?
4
What is the ten thousands digit of 143864?
4
What is the hundred thousands digit of 599816?
5
What is the hundreds digit of 657240?
2
What is the hundred thousands digit of 3446318?
4
What is the units digit of 75339?
9
What is the millions digit of 2234454?
2
What is the units digit of 7018?
8
What is the thousands digit of 1092372?
2
What is the units digit of 7539798?
8
What is the tens digit of 11468548?
4
What is the tens digit of 385683?
8
What is the thousands digit of 4272017?
2
What is the tens digit of 44428?
2
What is the tens digit of 426555?
5
What is the hundred thousands digit of 4968847?
9
What is the hundred thousands digit of 998169?
9
What is the thousands digit of 942573?
2
What is the hundred thousands digit of 2341940?
3
What is the thousands digit of 2774150?
4
What is the millions digit of 3079285?
3
What is the units digit of 3678578?
8
What is the hundreds digit of 1091280?
2
What is the units digit of 210404?
4
What is the units digit of 588178?
8
What is the ten millions digit of 12357289?
1
What is the tens digit of 2127922?
2
What is the hundred thousands digit of 4718103?
7
What is the tens digit of 4660052?
5
What is the units digit of 945555?
5
What is the thousands digit of 9300626?
0
What is the ten thousands digit of 311270?
1
What is the thousands digit of 13869829?
9
What is the thousands digit of 262554?
2
What is the units digit of 55156?
6
What is the ten thousands digit of 3289593?
8
What is the units digit of 491895?
5
What is the hundreds digit of 10465829?
8
What is the millions digit of 7207688?
7
What is the units digit of 18551952?
2
What is the hundreds digit of 1326575?
5
What is the ten millions digit of 17547335?
1
What is the tens digit of 969735?
3
What is the millions digit of 4763338?
4
What is the tens digit of 474472?
7
What is the ten thousands digit of 180901?
8
What is the millions digit of 3878810?
3
What is the hundreds digit of 1585774?
7
What is the thousands digit of 130547?
0
What is the tens digit of 264038?
3
What is the tens digit of 449492?
9
What is the hundreds digit of 1473919?
9
What is the hundreds digit of 1454072?
0
What is the tens digit of 18340288?
8
What is the thousands digit of 261583?
1
What is the tens digit of 922854?
5
What is the units digit of 2509167?
7
What is the hundred thousands digit of 25547349?
5
What is the millions digit of 7757093?
7
What is the tens digit of 3256485?
8
What is the millions digit of 15293615?
5
What is the hundred thousands digit of 15577661?
5
What is the hundred thousands digit of 2415140?
4
What is the hundred thousands digit of 6882837?
8
What is the tens digit of 62240?
4
What is the thousands digit of 122897?
2
What is the ten thousands digit of 7047549?
4
What is the ten thousands digit of 186595?
8
What is the units digit of 442323?
3
What is the millions digit of 1840840?
1
What is the thousands digit of 69313?
9
What is the tens digit of 2474430?
3
What is the ten thousands digit of 3193847?
9
What is the tens digit of 806421?
2
What is the millions digit of 1217419?
1
What is the ten thousands digit of 386855?
8
What is the tens digit of 446928?
2
What is the ten thousands digit of 4474338?
7
What is the ten thousands digit of 3923411?
2
What is the units digit of 128494?
4
What is the hundred thousands digit of 324942?
3
What is the hundreds digit of 602714?
7
What is the hundred thousands digit of 1412348?
4
What is the hundred thousands digit of 17402045?
4
What is the ten thousands digit of 3472114?
7
What is the ten thousands digit of 5448900?
4
What is the hundreds digit of 189344?
3
What is the thousands digit of 1601872?
1
What is the hundreds digit of 1641531?
5
What is the hundreds digit of 3235892?
8
What is the tens digit of 1793778?
7
What is the ten thousands digit of 1611870?
1
What is the units digit of 260673?
3
What is the hundreds digit of 94870?
8
What is the thousands digit of 162869?
2
What is the hundred thousands digit of 184967?
1
What is the thousands digit of 263744?
3
What is the thousands digit of 3208187?
8
What is the hundreds digit of 2798023?
0
What is the thousands digit of 656424?
6
What is the ten thousands digit of 28582380?
8
What is the thousands digit of 196286?
6
What is the tens digit of 103959?
5
What is the hundred thousands digit of 977897?
9
What is the units digit of 8910224?
4
What is the units digit of 466979?
9
What is the millions digit of 1051560?
1
What is the units digit of 404328?
8
What is the hundred thousands digit of 3520782?
5
What is the hundred thousands digit of 1304479?
3
What is the tens digit of 9819051?
5
What is the hundreds digit of 1238119?
1
What is the hundred thousands digit of 1730559?
7
What is the hundred thousands digit of 2308766?
3
What is the tens digit of 748790?
9
What is the thousands digit of 132494?
2
What is the ten thousands digit of 947035?
4
What is the tens digit of 2520?
2
What is the ten thousands digit of 193774?
9
What is the thousands digit of 4167417?
7
What is the ten thousands digit of 4945007?
4
What is the units digit of 412593?
3
What is the units digit of 10422?
2
What is the ten thousands digit of 77805?
7
What is the ten thousands digit of 2353944?
5
What is the hundreds digit of 2718623?
6
What is the hundreds digit of 16845750?
7
What is the units digit of 75774?
4
What is the tens digit of 8090526?
2
What is the thousands digit of 37137487?
7
What is the ten millions digit of 28677099?
2
What is the units digit of 180?
0
What is the thousands digit of 1921971?
1
What is the tens digit of 217751?
5
What is the tens digit of 13969?
6
What is the units digit of 3040710?
0
What is the units digit of 430331?
1
What is the thousands digit of 683159?
3
What is the tens digit of 326759?
5
What is the ten thousands digit of 804905?
0
What is the ten thousands digit of 506419?
0
What is the ten thousands digit of 97939?
9
What is the tens digit of 742734?
3
What is the hundred thousands digit of 8841022?
8
What is the millions digit of 4997105?
4
What is the tens digit of 466183?
8
What is the units digit of 4419491?
1
What is the millions digit of 7480225?
7
What is the units digit of 10774771?
1
What is the thousands digit of 485415?
5
What is the hundreds digit of 23237435?
4
What is the millions digit of 1392613?
1
What is the ten thousands digit of 3583025?
8
What is the ten thousands digit of 10277081?
7
What is the units digit of 1429108?
8
What is the millions digit of 2199624?
2
What is the hundreds digit of 31637?
6
What is the hundreds digit of 2072821?
8
What is the hundred thousands digit of 1756677?
7
What is the thousands digit of 22700188?
0
What is the thousands digit of 4907609?
7
What is the units digit of 203447?
7
What is the units digit of 11019260?
0
What is the units digit of 202462?
2
What is the hundreds digit of 973710?
7
What is the thousands digit of 225881?
5
What is the thousands